{"id":4446,"date":"2013-03-03T20:18:10","date_gmt":"2013-03-03T19:18:10","guid":{"rendered":"http:\/\/tasneemgallery.com\/artist\/jose-vera-matos\/"},"modified":"2013-03-03T20:18:10","modified_gmt":"2013-03-03T19:18:10","slug":"jose-vera-matos","status":"publish","type":"artists","link":"https:\/\/tasneemgallery.com\/es\/artista\/jose-vera-matos\/","title":{"rendered":"Jos\u00e9 Vera Matos"},"content":{"rendered":"<p>(Lima, 1981) Vive y trabaja en Lima.<\/p>\n<p>Realiza estudios en la Escuela de Artes visuales Edith Sachs y posteriormente en la Escuela Superior de Bellas Artes. Ha participado en distintas exhibiciones en Lima, Bogot\u00e1, Madrid, M\u00e9xico D.F, Caracas, Santiago de Chile, Nueva York, Miami, Buenos Aires.<\/p>\n<p>Pr\u00f3ximamente exhibir\u00e1 en Proyectos Ultravioleta de Guatemala y prepara un proyecto de video para La Loseta en San Juan, Puerto Rico.<\/p>\n","protected":false},"featured_media":0,"template":"","artist_types":[62],"class_list":["post-4446","artists","type-artists","status-publish","hentry","artist_types-artistas-colaboradores"],"acf":[],"yoast_head":"<!-- This site is optimized with the Yoast SEO plugin v27.5 - https:\/\/yoast.com\/product\/yoast-seo-wordpress\/ -->\n<title>Jos\u00e9 Vera Matos - Tasneem Gallery<\/title>\n<meta name=\"robots\" content=\"index, follow, max-snippet:-1, max-image-preview:large, max-video-preview:-1\" \/>\n<link rel=\"canonical\" href=\"https:\/\/tasneemgallery.com\/es\/artista\/jose-vera-matos\/\" \/>\n<meta property=\"og:locale\" content=\"es_ES\" \/>\n<meta property=\"og:type\" content=\"article\" \/>\n<meta property=\"og:title\" content=\"Jos\u00e9 Vera Matos - Tasneem Gallery\" \/>\n<meta property=\"og:description\" content=\"(Lima, 1981) Vive y trabaja en Lima. Realiza estudios en la Escuela de Artes visuales Edith Sachs y posteriormente en la Escuela Superior de Bellas Artes. Ha participado en distintas exhibiciones en Lima, Bogot\u00e1, Madrid, M\u00e9xico D.F, Caracas, Santiago de Chile, Nueva York, Miami, Buenos Aires. Pr\u00f3ximamente exhibir\u00e1 en Proyectos Ultravioleta de Guatemala y prepara&hellip;\" \/>\n<meta property=\"og:url\" content=\"https:\/\/tasneemgallery.com\/es\/artista\/jose-vera-matos\/\" \/>\n<meta property=\"og:site_name\" content=\"Tasneem Gallery\" \/>\n<meta name=\"twitter:card\" content=\"summary_large_image\" \/>\n<script type=\"application\/ld+json\" class=\"yoast-schema-graph\">{\"@context\":\"https:\\\/\\\/schema.org\",\"@graph\":[{\"@type\":\"WebPage\",\"@id\":\"https:\\\/\\\/tasneemgallery.com\\\/es\\\/artista\\\/jose-vera-matos\\\/\",\"url\":\"https:\\\/\\\/tasneemgallery.com\\\/es\\\/artista\\\/jose-vera-matos\\\/\",\"name\":\"Jos\u00e9 Vera Matos - Tasneem Gallery\",\"isPartOf\":{\"@id\":\"https:\\\/\\\/tasneemgallery.com\\\/es\\\/#website\"},\"datePublished\":\"2013-03-03T19:18:10+00:00\",\"breadcrumb\":{\"@id\":\"https:\\\/\\\/tasneemgallery.com\\\/es\\\/artista\\\/jose-vera-matos\\\/#breadcrumb\"},\"inLanguage\":\"es\",\"potentialAction\":[{\"@type\":\"ReadAction\",\"target\":[\"https:\\\/\\\/tasneemgallery.com\\\/es\\\/artista\\\/jose-vera-matos\\\/\"]}]},{\"@type\":\"BreadcrumbList\",\"@id\":\"https:\\\/\\\/tasneemgallery.com\\\/es\\\/artista\\\/jose-vera-matos\\\/#breadcrumb\",\"itemListElement\":[{\"@type\":\"ListItem\",\"position\":1,\"name\":\"Home\",\"item\":\"https:\\\/\\\/tasneemgallery.com\\\/es\\\/\"},{\"@type\":\"ListItem\",\"position\":2,\"name\":\"Jos\u00e9 Vera Matos\"}]},{\"@type\":\"WebSite\",\"@id\":\"https:\\\/\\\/tasneemgallery.com\\\/es\\\/#website\",\"url\":\"https:\\\/\\\/tasneemgallery.com\\\/es\\\/\",\"name\":\"Tasneem Gallery\",\"description\":\"International Contemporary Art Gallery\",\"potentialAction\":[{\"@type\":\"SearchAction\",\"target\":{\"@type\":\"EntryPoint\",\"urlTemplate\":\"https:\\\/\\\/tasneemgallery.com\\\/es\\\/?s={search_term_string}\"},\"query-input\":{\"@type\":\"PropertyValueSpecification\",\"valueRequired\":true,\"valueName\":\"search_term_string\"}}],\"inLanguage\":\"es\"}]}<\/script>\n<!-- \/ Yoast SEO plugin. -->","yoast_head_json":{"title":"Jos\u00e9 Vera Matos - Tasneem Gallery","robots":{"index":"index","follow":"follow","max-snippet":"max-snippet:-1","max-image-preview":"max-image-preview:large","max-video-preview":"max-video-preview:-1"},"canonical":"https:\/\/tasneemgallery.com\/es\/artista\/jose-vera-matos\/","og_locale":"es_ES","og_type":"article","og_title":"Jos\u00e9 Vera Matos - Tasneem Gallery","og_description":"(Lima, 1981) Vive y trabaja en Lima. Realiza estudios en la Escuela de Artes visuales Edith Sachs y posteriormente en la Escuela Superior de Bellas Artes. Ha participado en distintas exhibiciones en Lima, Bogot\u00e1, Madrid, M\u00e9xico D.F, Caracas, Santiago de Chile, Nueva York, Miami, Buenos Aires. Pr\u00f3ximamente exhibir\u00e1 en Proyectos Ultravioleta de Guatemala y prepara&hellip;","og_url":"https:\/\/tasneemgallery.com\/es\/artista\/jose-vera-matos\/","og_site_name":"Tasneem Gallery","twitter_card":"summary_large_image","schema":{"@context":"https:\/\/schema.org","@graph":[{"@type":"WebPage","@id":"https:\/\/tasneemgallery.com\/es\/artista\/jose-vera-matos\/","url":"https:\/\/tasneemgallery.com\/es\/artista\/jose-vera-matos\/","name":"Jos\u00e9 Vera Matos - Tasneem Gallery","isPartOf":{"@id":"https:\/\/tasneemgallery.com\/es\/#website"},"datePublished":"2013-03-03T19:18:10+00:00","breadcrumb":{"@id":"https:\/\/tasneemgallery.com\/es\/artista\/jose-vera-matos\/#breadcrumb"},"inLanguage":"es","potentialAction":[{"@type":"ReadAction","target":["https:\/\/tasneemgallery.com\/es\/artista\/jose-vera-matos\/"]}]},{"@type":"BreadcrumbList","@id":"https:\/\/tasneemgallery.com\/es\/artista\/jose-vera-matos\/#breadcrumb","itemListElement":[{"@type":"ListItem","position":1,"name":"Home","item":"https:\/\/tasneemgallery.com\/es\/"},{"@type":"ListItem","position":2,"name":"Jos\u00e9 Vera Matos"}]},{"@type":"WebSite","@id":"https:\/\/tasneemgallery.com\/es\/#website","url":"https:\/\/tasneemgallery.com\/es\/","name":"Tasneem Gallery","description":"International Contemporary Art Gallery","potentialAction":[{"@type":"SearchAction","target":{"@type":"EntryPoint","urlTemplate":"https:\/\/tasneemgallery.com\/es\/?s={search_term_string}"},"query-input":{"@type":"PropertyValueSpecification","valueRequired":true,"valueName":"search_term_string"}}],"inLanguage":"es"}]}},"_links":{"self":[{"href":"https:\/\/tasneemgallery.com\/es\/wp-json\/wp\/v2\/artists\/4446","targetHints":{"allow":["GET"]}}],"collection":[{"href":"https:\/\/tasneemgallery.com\/es\/wp-json\/wp\/v2\/artists"}],"about":[{"href":"https:\/\/tasneemgallery.com\/es\/wp-json\/wp\/v2\/types\/artists"}],"wp:attachment":[{"href":"https:\/\/tasneemgallery.com\/es\/wp-json\/wp\/v2\/media?parent=4446"}],"wp:term":[{"taxonomy":"artist_types","embeddable":true,"href":"https:\/\/tasneemgallery.com\/es\/wp-json\/wp\/v2\/artist_types?post=4446"}],"curies":[{"name":"wp","href":"https:\/\/api.w.org\/{rel}","templated":true}]}}

José Vera Matos

<p>(Lima, 1981) Vive y trabaja en Lima.</p>
<p>Realiza estudios en la Escuela de Artes visuales Edith Sachs y posteriormente en la Escuela Superior de Bellas Artes. Ha participado en distintas exhibiciones en Lima, Bogotá, Madrid, México D.F, Caracas, Santiago de Chile, Nueva York, Miami, Buenos Aires.</p>
<p>Próximamente exhibirá en Proyectos Ultravioleta de Guatemala y prepara un proyecto de video para La Loseta en San Juan, Puerto Rico.</p>

<!-- This site is optimized with the Yoast SEO plugin v27.5 - https://yoast.com/product/yoast-seo-wordpress/ -->
<title>José Vera Matos - Tasneem Gallery</title>
<meta name="robots" content="index, follow, max-snippet:-1, max-image-preview:large, max-video-preview:-1" />
<link rel="canonical" href="https://tasneemgallery.com/es/artista/jose-vera-matos/" />
<meta property="og:locale" content="es_ES" />
<meta property="og:type" content="article" />
<meta property="og:title" content="José Vera Matos - Tasneem Gallery" />
<meta property="og:description" content="(Lima, 1981) Vive y trabaja en Lima. Realiza estudios en la Escuela de Artes visuales Edith Sachs y posteriormente en la Escuela Superior de Bellas Artes. Ha participado en distintas exhibiciones en Lima, Bogotá, Madrid, México D.F, Caracas, Santiago de Chile, Nueva York, Miami, Buenos Aires. Próximamente exhibirá en Proyectos Ultravioleta de Guatemala y prepara&hellip;" />
<meta property="og:url" content="https://tasneemgallery.com/es/artista/jose-vera-matos/" />
<meta property="og:site_name" content="Tasneem Gallery" />
<meta name="twitter:card" content="summary_large_image" />
<script type="application/ld+json" class="yoast-schema-graph">{"@context":"https:\/\/schema.org","@graph":[{"@type":"WebPage","@id":"https:\/\/tasneemgallery.com\/es\/artista\/jose-vera-matos\/","url":"https:\/\/tasneemgallery.com\/es\/artista\/jose-vera-matos\/","name":"José Vera Matos - Tasneem Gallery","isPartOf":{"@id":"https:\/\/tasneemgallery.com\/es\/#website"},"datePublished":"2013-03-03T19:18:10+00:00","breadcrumb":{"@id":"https:\/\/tasneemgallery.com\/es\/artista\/jose-vera-matos\/#breadcrumb"},"inLanguage":"es","potentialAction":[{"@type":"ReadAction","target":["https:\/\/tasneemgallery.com\/es\/artista\/jose-vera-matos\/"]}]},{"@type":"BreadcrumbList","@id":"https:\/\/tasneemgallery.com\/es\/artista\/jose-vera-matos\/#breadcrumb","itemListElement":[{"@type":"ListItem","position":1,"name":"Home","item":"https:\/\/tasneemgallery.com\/es\/"},{"@type":"ListItem","position":2,"name":"José Vera Matos"}]},{"@type":"WebSite","@id":"https:\/\/tasneemgallery.com\/es\/#website","url":"https:\/\/tasneemgallery.com\/es\/","name":"Tasneem Gallery","description":"International Contemporary Art Gallery","potentialAction":[{"@type":"SearchAction","target":{"@type":"EntryPoint","urlTemplate":"https:\/\/tasneemgallery.com\/es\/?s={search_term_string}"},"query-input":{"@type":"PropertyValueSpecification","valueRequired":true,"valueName":"search_term_string"}}],"inLanguage":"es"}]}</script>
<!-- / Yoast SEO plugin. -->

José Vera Matos - Tasneem Gallery

(Lima, 1981) Vive y trabaja en Lima. Realiza estudios en la Escuela de Artes visuales Edith Sachs y posteriormente en la Escuela Superior de Bellas Artes. Ha participado en distintas exhibiciones en Lima, Bogotá, Madrid, México D.F, Caracas, Santiago de Chile, Nueva York, Miami, Buenos Aires. Próximamente exhibirá en Proyectos Ultravioleta de Guatemala y prepara&hellip;
