{"id":4235,"date":"2013-03-03T20:28:34","date_gmt":"2013-03-03T19:28:34","guid":{"rendered":"http:\/\/tasneemgallery.com\/artist\/alfredo-marquez\/"},"modified":"2013-03-03T20:28:34","modified_gmt":"2013-03-03T19:28:34","slug":"alfredo-marquez","status":"publish","type":"artists","link":"https:\/\/tasneemgallery.com\/es\/artista\/alfredo-marquez\/","title":{"rendered":"Alfredo M\u00e1rquez"},"content":{"rendered":"<p>(Lima, 1963) Vive y trabaja en Lima.<\/p>\n<p>Artista visual, dise\u00f1ador arquitect\u00f3nico, comunicador visual y activista cultural. Su obra est\u00e1 inscrita dentro de la movida subterr\u00e1nea, el arte pop urbano y la contracultura lime\u00f1a. Ha desarrollado su obra individualmente o a trav\u00e9s de colectivos art\u00edsticos como Bestiarios \/ Bestias (1984-1987); Taller NN, NN (1988-1991); Made in Per\u00fa (1992-1994); Per\u00fafabrica (1999-2003).<\/p>\n<p>Ha estado asociado a proyectos colectivos de arte como Tupac, Caput (2001-2002); A imagen y semejanza (2001-2003) y Vestigio Barroco (2005). Ha presentado exposiciones individuales y colectivas en el Per\u00fa y en el extranjero.<\/p>\n","protected":false},"featured_media":0,"template":"","artist_types":[62],"class_list":["post-4235","artists","type-artists","status-publish","hentry","artist_types-artistas-colaboradores"],"acf":[],"yoast_head":"<!-- This site is optimized with the Yoast SEO plugin v27.5 - https:\/\/yoast.com\/product\/yoast-seo-wordpress\/ -->\n<title>Alfredo M\u00e1rquez - Tasneem Gallery<\/title>\n<meta name=\"robots\" content=\"index, follow, max-snippet:-1, max-image-preview:large, max-video-preview:-1\" \/>\n<link rel=\"canonical\" href=\"https:\/\/tasneemgallery.com\/es\/artista\/alfredo-marquez\/\" \/>\n<meta property=\"og:locale\" content=\"es_ES\" \/>\n<meta property=\"og:type\" content=\"article\" \/>\n<meta property=\"og:title\" content=\"Alfredo M\u00e1rquez - Tasneem Gallery\" \/>\n<meta property=\"og:description\" content=\"(Lima, 1963) Vive y trabaja en Lima. Artista visual, dise\u00f1ador arquitect\u00f3nico, comunicador visual y activista cultural. Su obra est\u00e1 inscrita dentro de la movida subterr\u00e1nea, el arte pop urbano y la contracultura lime\u00f1a. Ha desarrollado su obra individualmente o a trav\u00e9s de colectivos art\u00edsticos como Bestiarios \/ Bestias (1984-1987); Taller NN, NN (1988-1991); Made in&hellip;\" \/>\n<meta property=\"og:url\" content=\"https:\/\/tasneemgallery.com\/es\/artista\/alfredo-marquez\/\" \/>\n<meta property=\"og:site_name\" content=\"Tasneem Gallery\" \/>\n<meta name=\"twitter:card\" content=\"summary_large_image\" \/>\n<script type=\"application\/ld+json\" class=\"yoast-schema-graph\">{\"@context\":\"https:\\\/\\\/schema.org\",\"@graph\":[{\"@type\":\"WebPage\",\"@id\":\"https:\\\/\\\/tasneemgallery.com\\\/es\\\/artista\\\/alfredo-marquez\\\/\",\"url\":\"https:\\\/\\\/tasneemgallery.com\\\/es\\\/artista\\\/alfredo-marquez\\\/\",\"name\":\"Alfredo M\u00e1rquez - Tasneem Gallery\",\"isPartOf\":{\"@id\":\"https:\\\/\\\/tasneemgallery.com\\\/es\\\/#website\"},\"datePublished\":\"2013-03-03T19:28:34+00:00\",\"breadcrumb\":{\"@id\":\"https:\\\/\\\/tasneemgallery.com\\\/es\\\/artista\\\/alfredo-marquez\\\/#breadcrumb\"},\"inLanguage\":\"es\",\"potentialAction\":[{\"@type\":\"ReadAction\",\"target\":[\"https:\\\/\\\/tasneemgallery.com\\\/es\\\/artista\\\/alfredo-marquez\\\/\"]}]},{\"@type\":\"BreadcrumbList\",\"@id\":\"https:\\\/\\\/tasneemgallery.com\\\/es\\\/artista\\\/alfredo-marquez\\\/#breadcrumb\",\"itemListElement\":[{\"@type\":\"ListItem\",\"position\":1,\"name\":\"Home\",\"item\":\"https:\\\/\\\/tasneemgallery.com\\\/es\\\/\"},{\"@type\":\"ListItem\",\"position\":2,\"name\":\"Alfredo M\u00e1rquez\"}]},{\"@type\":\"WebSite\",\"@id\":\"https:\\\/\\\/tasneemgallery.com\\\/es\\\/#website\",\"url\":\"https:\\\/\\\/tasneemgallery.com\\\/es\\\/\",\"name\":\"Tasneem Gallery\",\"description\":\"International Contemporary Art Gallery\",\"potentialAction\":[{\"@type\":\"SearchAction\",\"target\":{\"@type\":\"EntryPoint\",\"urlTemplate\":\"https:\\\/\\\/tasneemgallery.com\\\/es\\\/?s={search_term_string}\"},\"query-input\":{\"@type\":\"PropertyValueSpecification\",\"valueRequired\":true,\"valueName\":\"search_term_string\"}}],\"inLanguage\":\"es\"}]}<\/script>\n<!-- \/ Yoast SEO plugin. -->","yoast_head_json":{"title":"Alfredo M\u00e1rquez - Tasneem Gallery","robots":{"index":"index","follow":"follow","max-snippet":"max-snippet:-1","max-image-preview":"max-image-preview:large","max-video-preview":"max-video-preview:-1"},"canonical":"https:\/\/tasneemgallery.com\/es\/artista\/alfredo-marquez\/","og_locale":"es_ES","og_type":"article","og_title":"Alfredo M\u00e1rquez - Tasneem Gallery","og_description":"(Lima, 1963) Vive y trabaja en Lima. Artista visual, dise\u00f1ador arquitect\u00f3nico, comunicador visual y activista cultural. Su obra est\u00e1 inscrita dentro de la movida subterr\u00e1nea, el arte pop urbano y la contracultura lime\u00f1a. Ha desarrollado su obra individualmente o a trav\u00e9s de colectivos art\u00edsticos como Bestiarios \/ Bestias (1984-1987); Taller NN, NN (1988-1991); Made in&hellip;","og_url":"https:\/\/tasneemgallery.com\/es\/artista\/alfredo-marquez\/","og_site_name":"Tasneem Gallery","twitter_card":"summary_large_image","schema":{"@context":"https:\/\/schema.org","@graph":[{"@type":"WebPage","@id":"https:\/\/tasneemgallery.com\/es\/artista\/alfredo-marquez\/","url":"https:\/\/tasneemgallery.com\/es\/artista\/alfredo-marquez\/","name":"Alfredo M\u00e1rquez - Tasneem Gallery","isPartOf":{"@id":"https:\/\/tasneemgallery.com\/es\/#website"},"datePublished":"2013-03-03T19:28:34+00:00","breadcrumb":{"@id":"https:\/\/tasneemgallery.com\/es\/artista\/alfredo-marquez\/#breadcrumb"},"inLanguage":"es","potentialAction":[{"@type":"ReadAction","target":["https:\/\/tasneemgallery.com\/es\/artista\/alfredo-marquez\/"]}]},{"@type":"BreadcrumbList","@id":"https:\/\/tasneemgallery.com\/es\/artista\/alfredo-marquez\/#breadcrumb","itemListElement":[{"@type":"ListItem","position":1,"name":"Home","item":"https:\/\/tasneemgallery.com\/es\/"},{"@type":"ListItem","position":2,"name":"Alfredo M\u00e1rquez"}]},{"@type":"WebSite","@id":"https:\/\/tasneemgallery.com\/es\/#website","url":"https:\/\/tasneemgallery.com\/es\/","name":"Tasneem Gallery","description":"International Contemporary Art Gallery","potentialAction":[{"@type":"SearchAction","target":{"@type":"EntryPoint","urlTemplate":"https:\/\/tasneemgallery.com\/es\/?s={search_term_string}"},"query-input":{"@type":"PropertyValueSpecification","valueRequired":true,"valueName":"search_term_string"}}],"inLanguage":"es"}]}},"_links":{"self":[{"href":"https:\/\/tasneemgallery.com\/es\/wp-json\/wp\/v2\/artists\/4235","targetHints":{"allow":["GET"]}}],"collection":[{"href":"https:\/\/tasneemgallery.com\/es\/wp-json\/wp\/v2\/artists"}],"about":[{"href":"https:\/\/tasneemgallery.com\/es\/wp-json\/wp\/v2\/types\/artists"}],"wp:attachment":[{"href":"https:\/\/tasneemgallery.com\/es\/wp-json\/wp\/v2\/media?parent=4235"}],"wp:term":[{"taxonomy":"artist_types","embeddable":true,"href":"https:\/\/tasneemgallery.com\/es\/wp-json\/wp\/v2\/artist_types?post=4235"}],"curies":[{"name":"wp","href":"https:\/\/api.w.org\/{rel}","templated":true}]}}

Alfredo Márquez

<p>(Lima, 1963) Vive y trabaja en Lima.</p>
<p>Artista visual, diseñador arquitectónico, comunicador visual y activista cultural. Su obra está inscrita dentro de la movida subterránea, el arte pop urbano y la contracultura limeña. Ha desarrollado su obra individualmente o a través de colectivos artísticos como Bestiarios / Bestias (1984-1987); Taller NN, NN (1988-1991); Made in Perú (1992-1994); Perúfabrica (1999-2003).</p>
<p>Ha estado asociado a proyectos colectivos de arte como Tupac, Caput (2001-2002); A imagen y semejanza (2001-2003) y Vestigio Barroco (2005). Ha presentado exposiciones individuales y colectivas en el Perú y en el extranjero.</p>

<!-- This site is optimized with the Yoast SEO plugin v27.5 - https://yoast.com/product/yoast-seo-wordpress/ -->
<title>Alfredo Márquez - Tasneem Gallery</title>
<meta name="robots" content="index, follow, max-snippet:-1, max-image-preview:large, max-video-preview:-1" />
<link rel="canonical" href="https://tasneemgallery.com/es/artista/alfredo-marquez/" />
<meta property="og:locale" content="es_ES" />
<meta property="og:type" content="article" />
<meta property="og:title" content="Alfredo Márquez - Tasneem Gallery" />
<meta property="og:description" content="(Lima, 1963) Vive y trabaja en Lima. Artista visual, diseñador arquitectónico, comunicador visual y activista cultural. Su obra está inscrita dentro de la movida subterránea, el arte pop urbano y la contracultura limeña. Ha desarrollado su obra individualmente o a través de colectivos artísticos como Bestiarios / Bestias (1984-1987); Taller NN, NN (1988-1991); Made in&hellip;" />
<meta property="og:url" content="https://tasneemgallery.com/es/artista/alfredo-marquez/" />
<meta property="og:site_name" content="Tasneem Gallery" />
<meta name="twitter:card" content="summary_large_image" />
<script type="application/ld+json" class="yoast-schema-graph">{"@context":"https:\/\/schema.org","@graph":[{"@type":"WebPage","@id":"https:\/\/tasneemgallery.com\/es\/artista\/alfredo-marquez\/","url":"https:\/\/tasneemgallery.com\/es\/artista\/alfredo-marquez\/","name":"Alfredo Márquez - Tasneem Gallery","isPartOf":{"@id":"https:\/\/tasneemgallery.com\/es\/#website"},"datePublished":"2013-03-03T19:28:34+00:00","breadcrumb":{"@id":"https:\/\/tasneemgallery.com\/es\/artista\/alfredo-marquez\/#breadcrumb"},"inLanguage":"es","potentialAction":[{"@type":"ReadAction","target":["https:\/\/tasneemgallery.com\/es\/artista\/alfredo-marquez\/"]}]},{"@type":"BreadcrumbList","@id":"https:\/\/tasneemgallery.com\/es\/artista\/alfredo-marquez\/#breadcrumb","itemListElement":[{"@type":"ListItem","position":1,"name":"Home","item":"https:\/\/tasneemgallery.com\/es\/"},{"@type":"ListItem","position":2,"name":"Alfredo Márquez"}]},{"@type":"WebSite","@id":"https:\/\/tasneemgallery.com\/es\/#website","url":"https:\/\/tasneemgallery.com\/es\/","name":"Tasneem Gallery","description":"International Contemporary Art Gallery","potentialAction":[{"@type":"SearchAction","target":{"@type":"EntryPoint","urlTemplate":"https:\/\/tasneemgallery.com\/es\/?s={search_term_string}"},"query-input":{"@type":"PropertyValueSpecification","valueRequired":true,"valueName":"search_term_string"}}],"inLanguage":"es"}]}</script>
<!-- / Yoast SEO plugin. -->

Alfredo Márquez - Tasneem Gallery

(Lima, 1963) Vive y trabaja en Lima. Artista visual, diseñador arquitectónico, comunicador visual y activista cultural. Su obra está inscrita dentro de la movida subterránea, el arte pop urbano y la contracultura limeña. Ha desarrollado su obra individualmente o a través de colectivos artísticos como Bestiarios / Bestias (1984-1987); Taller NN, NN (1988-1991); Made in&hellip;
