{"id":4189,"date":"2013-03-03T20:44:59","date_gmt":"2013-03-03T19:44:59","guid":{"rendered":"http:\/\/tasneemgallery.com\/artist\/gilda-mantilla\/"},"modified":"2013-03-03T20:44:59","modified_gmt":"2013-03-03T19:44:59","slug":"gilda-mantilla","status":"publish","type":"artists","link":"https:\/\/tasneemgallery.com\/es\/artista\/gilda-mantilla\/","title":{"rendered":"Gilda Mantilla"},"content":{"rendered":"<p>(Los Angeles, 1967) Vive y trabaja en Lima<\/p>\n<p>Realiz\u00f3 estudios de pintura en la Universidad Cat\u00f3lica del Per\u00fa. Es preciso confrontar las ideas vagas con im\u00e1genes claras es el t\u00edtulo de su m\u00e1s reciente exposici\u00f3n individual en la galer\u00eda Revolver de Lima. Ha participado tambi\u00e9n en numerosos eventos como la 50\u00aa Bienal de Venecia y la 27\u00aa Bienal de Sao Paulo.<\/p>\n<p>Realiz\u00f3 el proyecto Dibujando Am\u00e9rica en colaboraci\u00f3n con Raimond Chaves, siendo sus m\u00e1s recientes participaciones conjuntas Actos de Edici\u00f3n en la Fundaci\u00f3n Marcelino Bot\u00edn en Santander y The Peripatetic School:Itinerant drawing from Latin America en Drawing Room en Londres.<\/p>\n","protected":false},"featured_media":0,"template":"","artist_types":[62],"class_list":["post-4189","artists","type-artists","status-publish","hentry","artist_types-artistas-colaboradores"],"acf":[],"yoast_head":"<!-- This site is optimized with the Yoast SEO plugin v27.5 - https:\/\/yoast.com\/product\/yoast-seo-wordpress\/ -->\n<title>Gilda Mantilla - Tasneem Gallery<\/title>\n<meta name=\"robots\" content=\"index, follow, max-snippet:-1, max-image-preview:large, max-video-preview:-1\" \/>\n<link rel=\"canonical\" href=\"https:\/\/tasneemgallery.com\/es\/artista\/gilda-mantilla\/\" \/>\n<meta property=\"og:locale\" content=\"es_ES\" \/>\n<meta property=\"og:type\" content=\"article\" \/>\n<meta property=\"og:title\" content=\"Gilda Mantilla - Tasneem Gallery\" \/>\n<meta property=\"og:description\" content=\"(Los Angeles, 1967) Vive y trabaja en Lima Realiz\u00f3 estudios de pintura en la Universidad Cat\u00f3lica del Per\u00fa. Es preciso confrontar las ideas vagas con im\u00e1genes claras es el t\u00edtulo de su m\u00e1s reciente exposici\u00f3n individual en la galer\u00eda Revolver de Lima. Ha participado tambi\u00e9n en numerosos eventos como la 50\u00aa Bienal de Venecia y&hellip;\" \/>\n<meta property=\"og:url\" content=\"https:\/\/tasneemgallery.com\/es\/artista\/gilda-mantilla\/\" \/>\n<meta property=\"og:site_name\" content=\"Tasneem Gallery\" \/>\n<meta name=\"twitter:card\" content=\"summary_large_image\" \/>\n<meta name=\"twitter:label1\" content=\"Tiempo de lectura\" \/>\n\t<meta name=\"twitter:data1\" content=\"1 minuto\" \/>\n<script type=\"application\/ld+json\" class=\"yoast-schema-graph\">{\"@context\":\"https:\\\/\\\/schema.org\",\"@graph\":[{\"@type\":\"WebPage\",\"@id\":\"https:\\\/\\\/tasneemgallery.com\\\/es\\\/artista\\\/gilda-mantilla\\\/\",\"url\":\"https:\\\/\\\/tasneemgallery.com\\\/es\\\/artista\\\/gilda-mantilla\\\/\",\"name\":\"Gilda Mantilla - Tasneem Gallery\",\"isPartOf\":{\"@id\":\"https:\\\/\\\/tasneemgallery.com\\\/es\\\/#website\"},\"datePublished\":\"2013-03-03T19:44:59+00:00\",\"breadcrumb\":{\"@id\":\"https:\\\/\\\/tasneemgallery.com\\\/es\\\/artista\\\/gilda-mantilla\\\/#breadcrumb\"},\"inLanguage\":\"es\",\"potentialAction\":[{\"@type\":\"ReadAction\",\"target\":[\"https:\\\/\\\/tasneemgallery.com\\\/es\\\/artista\\\/gilda-mantilla\\\/\"]}]},{\"@type\":\"BreadcrumbList\",\"@id\":\"https:\\\/\\\/tasneemgallery.com\\\/es\\\/artista\\\/gilda-mantilla\\\/#breadcrumb\",\"itemListElement\":[{\"@type\":\"ListItem\",\"position\":1,\"name\":\"Home\",\"item\":\"https:\\\/\\\/tasneemgallery.com\\\/es\\\/\"},{\"@type\":\"ListItem\",\"position\":2,\"name\":\"Gilda Mantilla\"}]},{\"@type\":\"WebSite\",\"@id\":\"https:\\\/\\\/tasneemgallery.com\\\/es\\\/#website\",\"url\":\"https:\\\/\\\/tasneemgallery.com\\\/es\\\/\",\"name\":\"Tasneem Gallery\",\"description\":\"International Contemporary Art Gallery\",\"potentialAction\":[{\"@type\":\"SearchAction\",\"target\":{\"@type\":\"EntryPoint\",\"urlTemplate\":\"https:\\\/\\\/tasneemgallery.com\\\/es\\\/?s={search_term_string}\"},\"query-input\":{\"@type\":\"PropertyValueSpecification\",\"valueRequired\":true,\"valueName\":\"search_term_string\"}}],\"inLanguage\":\"es\"}]}<\/script>\n<!-- \/ Yoast SEO plugin. -->","yoast_head_json":{"title":"Gilda Mantilla - Tasneem Gallery","robots":{"index":"index","follow":"follow","max-snippet":"max-snippet:-1","max-image-preview":"max-image-preview:large","max-video-preview":"max-video-preview:-1"},"canonical":"https:\/\/tasneemgallery.com\/es\/artista\/gilda-mantilla\/","og_locale":"es_ES","og_type":"article","og_title":"Gilda Mantilla - Tasneem Gallery","og_description":"(Los Angeles, 1967) Vive y trabaja en Lima Realiz\u00f3 estudios de pintura en la Universidad Cat\u00f3lica del Per\u00fa. Es preciso confrontar las ideas vagas con im\u00e1genes claras es el t\u00edtulo de su m\u00e1s reciente exposici\u00f3n individual en la galer\u00eda Revolver de Lima. Ha participado tambi\u00e9n en numerosos eventos como la 50\u00aa Bienal de Venecia y&hellip;","og_url":"https:\/\/tasneemgallery.com\/es\/artista\/gilda-mantilla\/","og_site_name":"Tasneem Gallery","twitter_card":"summary_large_image","twitter_misc":{"Tiempo de lectura":"1 minuto"},"schema":{"@context":"https:\/\/schema.org","@graph":[{"@type":"WebPage","@id":"https:\/\/tasneemgallery.com\/es\/artista\/gilda-mantilla\/","url":"https:\/\/tasneemgallery.com\/es\/artista\/gilda-mantilla\/","name":"Gilda Mantilla - Tasneem Gallery","isPartOf":{"@id":"https:\/\/tasneemgallery.com\/es\/#website"},"datePublished":"2013-03-03T19:44:59+00:00","breadcrumb":{"@id":"https:\/\/tasneemgallery.com\/es\/artista\/gilda-mantilla\/#breadcrumb"},"inLanguage":"es","potentialAction":[{"@type":"ReadAction","target":["https:\/\/tasneemgallery.com\/es\/artista\/gilda-mantilla\/"]}]},{"@type":"BreadcrumbList","@id":"https:\/\/tasneemgallery.com\/es\/artista\/gilda-mantilla\/#breadcrumb","itemListElement":[{"@type":"ListItem","position":1,"name":"Home","item":"https:\/\/tasneemgallery.com\/es\/"},{"@type":"ListItem","position":2,"name":"Gilda Mantilla"}]},{"@type":"WebSite","@id":"https:\/\/tasneemgallery.com\/es\/#website","url":"https:\/\/tasneemgallery.com\/es\/","name":"Tasneem Gallery","description":"International Contemporary Art Gallery","potentialAction":[{"@type":"SearchAction","target":{"@type":"EntryPoint","urlTemplate":"https:\/\/tasneemgallery.com\/es\/?s={search_term_string}"},"query-input":{"@type":"PropertyValueSpecification","valueRequired":true,"valueName":"search_term_string"}}],"inLanguage":"es"}]}},"_links":{"self":[{"href":"https:\/\/tasneemgallery.com\/es\/wp-json\/wp\/v2\/artists\/4189","targetHints":{"allow":["GET"]}}],"collection":[{"href":"https:\/\/tasneemgallery.com\/es\/wp-json\/wp\/v2\/artists"}],"about":[{"href":"https:\/\/tasneemgallery.com\/es\/wp-json\/wp\/v2\/types\/artists"}],"wp:attachment":[{"href":"https:\/\/tasneemgallery.com\/es\/wp-json\/wp\/v2\/media?parent=4189"}],"wp:term":[{"taxonomy":"artist_types","embeddable":true,"href":"https:\/\/tasneemgallery.com\/es\/wp-json\/wp\/v2\/artist_types?post=4189"}],"curies":[{"name":"wp","href":"https:\/\/api.w.org\/{rel}","templated":true}]}}

<p>(Los Angeles, 1967) Vive y trabaja en Lima</p>
<p>Realizó estudios de pintura en la Universidad Católica del Perú. Es preciso confrontar las ideas vagas con imágenes claras es el título de su más reciente exposición individual en la galería Revolver de Lima. Ha participado también en numerosos eventos como la 50ª Bienal de Venecia y la 27ª Bienal de Sao Paulo.</p>
<p>Realizó el proyecto Dibujando América en colaboración con Raimond Chaves, siendo sus más recientes participaciones conjuntas Actos de Edición en la Fundación Marcelino Botín en Santander y The Peripatetic School:Itinerant drawing from Latin America en Drawing Room en Londres.</p>

<!-- This site is optimized with the Yoast SEO plugin v27.5 - https://yoast.com/product/yoast-seo-wordpress/ -->
<title>Gilda Mantilla - Tasneem Gallery</title>
<meta name="robots" content="index, follow, max-snippet:-1, max-image-preview:large, max-video-preview:-1" />
<link rel="canonical" href="https://tasneemgallery.com/es/artista/gilda-mantilla/" />
<meta property="og:locale" content="es_ES" />
<meta property="og:type" content="article" />
<meta property="og:title" content="Gilda Mantilla - Tasneem Gallery" />
<meta property="og:description" content="(Los Angeles, 1967) Vive y trabaja en Lima Realizó estudios de pintura en la Universidad Católica del Perú. Es preciso confrontar las ideas vagas con imágenes claras es el título de su más reciente exposición individual en la galería Revolver de Lima. Ha participado también en numerosos eventos como la 50ª Bienal de Venecia y&hellip;" />
<meta property="og:url" content="https://tasneemgallery.com/es/artista/gilda-mantilla/" />
<meta property="og:site_name" content="Tasneem Gallery" />
<meta name="twitter:card" content="summary_large_image" />
<meta name="twitter:label1" content="Tiempo de lectura" />
	<meta name="twitter:data1" content="1 minuto" />
<script type="application/ld+json" class="yoast-schema-graph">{"@context":"https:\/\/schema.org","@graph":[{"@type":"WebPage","@id":"https:\/\/tasneemgallery.com\/es\/artista\/gilda-mantilla\/","url":"https:\/\/tasneemgallery.com\/es\/artista\/gilda-mantilla\/","name":"Gilda Mantilla - Tasneem Gallery","isPartOf":{"@id":"https:\/\/tasneemgallery.com\/es\/#website"},"datePublished":"2013-03-03T19:44:59+00:00","breadcrumb":{"@id":"https:\/\/tasneemgallery.com\/es\/artista\/gilda-mantilla\/#breadcrumb"},"inLanguage":"es","potentialAction":[{"@type":"ReadAction","target":["https:\/\/tasneemgallery.com\/es\/artista\/gilda-mantilla\/"]}]},{"@type":"BreadcrumbList","@id":"https:\/\/tasneemgallery.com\/es\/artista\/gilda-mantilla\/#breadcrumb","itemListElement":[{"@type":"ListItem","position":1,"name":"Home","item":"https:\/\/tasneemgallery.com\/es\/"},{"@type":"ListItem","position":2,"name":"Gilda Mantilla"}]},{"@type":"WebSite","@id":"https:\/\/tasneemgallery.com\/es\/#website","url":"https:\/\/tasneemgallery.com\/es\/","name":"Tasneem Gallery","description":"International Contemporary Art Gallery","potentialAction":[{"@type":"SearchAction","target":{"@type":"EntryPoint","urlTemplate":"https:\/\/tasneemgallery.com\/es\/?s={search_term_string}"},"query-input":{"@type":"PropertyValueSpecification","valueRequired":true,"valueName":"search_term_string"}}],"inLanguage":"es"}]}</script>
<!-- / Yoast SEO plugin. -->

(Los Angeles, 1967) Vive y trabaja en Lima Realizó estudios de pintura en la Universidad Católica del Perú. Es preciso confrontar las ideas vagas con imágenes claras es el título de su más reciente exposición individual en la galería Revolver de Lima. Ha participado también en numerosos eventos como la 50ª Bienal de Venecia y&hellip;
